 10582.
22
Let h(q) = 93*q + 1. Let l be h(2). Let m be (2*(-255)/40)/(45/(-120)). Calculate the greatest common factor of l and m.
17
Let m = 28 + -105. Let p be (22/m)/((-27)/(-14) + -2). Let s = -1 + 3. What is the highest common factor of s and p?
2
Let r(d) = -d**3 - 25*d**2 - 26*d + 92. Let c be r(-25). Calculate the highest common divisor of c and 140.
14
Let r = 1461 + -1446. Let f(s) = 9*s**3 + s**2 - 4*s. Let z be f(3). What is the highest common divisor of r and z?
15
Suppose -f = -2*x + 779, -2*x = 3*f - f - 788. Suppose 239 + x = 15*h. What is the highest common divisor of 126 and h?
42
Let f = 309 - 305. Suppose 3*m - 2*h - 47 = 0, -2*m - f*h = -30 - 12. Let q be ((-11)/(-3))/((-1)/(-51)). Calculate the greatest common divisor of m and q.
17
Suppose 49*o - 285 - 568 - 1597 = 0. Suppose -4*p + 0*p - 3*v = -1106, -283 = -p - 4*v. What is the highest common divisor of o and p?
25
Let l = 318 - 237. Let h = l + -59. What is the greatest common divisor of 2 and h?
2
Let d be -429*((-12)/9)/4. Let h(k) = -2*k - 25. Let n be h(-12). Let l(w) = -11*w**3 - 3*w - 3. Let c be l(n). What is the highest common divisor of d and c?
11
Let q = 22 + -15. Let t(v) = -6 - 6*v + 2*v**2 + 0*v**2 + 19. Let i be t(6). What is the highest common factor of q and i?
7
Let d(b) = 23*b**2 - 4*b + 30. Let w be d(-8). Calculate the greatest common factor of 354 and w.
118
Let o(h) = -h + 80. Let j be o(-4). Suppose -3*p + p - 2*z + 118 = 0, 169 = 3*p + 5*z. Calculate the highest common divisor of p and j.
21
Let z(d) = 85*d + 5465. Let r be z(-64). Calculate the greatest common divisor of r and 26225.
25
Suppose -43*d = -6*d - 12909 - 6479. Calculate the highest common divisor of 12 and d.
4
Suppose 4*c - 12 = -4*u + 2*u, 4*u + 4*c = 16. Let d be ((-90)/(-12) - u)*22. What is the greatest common divisor of d and 22?
11
Suppose 4*v + 74 = 2*s, -5*s + 2*v + v = -150. Let t = 49 - s. Suppose 4*k + 45 - 93 = n, 0 = -3*k - 5*n + 13. Calculate the highest common divisor of t and k.
11
Let m(d) = 2*d**2 - 49*d + 84. Let t be m(24). What is the highest common divisor of t and 45?
15
Let p(y) = -y**3 - 24*y**2 - 34*y - 19. Let x be p(-23). Suppose 3*j + n + n = x, -4*j + 3*n = -312. What is the greatest common divisor of j and 6?
6
Suppose -2592*m - 2112 = -2595*m. Calculate the highest common divisor of 66 and m.
22
Let x be 5 + (-35988)/(-54) - (-20)/(-45). Calculate the greatest common factor of 99 and x.
11
Suppose -104 = -3*q + 244. Let w(c) = -c**3 - 6*c**2 - 179*c - 1070. Let d be w(-6). Calculate the greatest common factor of q and d.
4
Suppose 73*a = 11*a + 124868. Calculate the greatest common divisor of 530 and a.
106
Let i be (-4)/10 + (-60522)/(-105). Let d(g) = -g**3 - 21*g**2 - 11*g + 252. Let s be d(-20). Calculate the highest common factor of i and s.
72
Let n be 3/(-3) - -9*3. Let m = n - 18. Let d(b) = 365*b + 389. Let c be d(-1). What is the highest common factor of c and m?
8
Let z = -14188 - -14274. What is the greatest common divisor of 473 and z?
43
Let c(n) = -1567*n + 89. Let j be c(-1). Calculate the greatest common factor of 115 and j.
23
Suppose 0 = -k + 1 + 8. Suppose -73*m + 762 = -1335 - 750. What is the greatest common factor of m and k?
3
Let u(x) = -15*x - 51. Let q(o) = -13*o - 52. Let l(d) = -5*q(d) + 4*u(d). Let m be l(-4). What is the greatest common divisor of m and 180?
36
Suppose -128*j + 50 = -133*j. Let m be (8 - 58/j) + (-2)/(-10). Calculate the greatest common divisor of 182 and m.
14
Let g(b) = -5*b**2 + 69*b - 114. Let c be g(10). Calculate the highest common divisor of c and 1919.
19
Let b(o) = -4*o**3 + 2*o**2 + 13*o + 83. Let s be b(0). What is the greatest common factor of 25979 and s?
83
Suppose -3*v = -5*d - 1322, -9*v + 3*d + 1770 = -5*v. Let h = -426 + v. What is the highest common divisor of 198 and h?
18
Suppose -438*o = -427*o - 748. Calculate the highest common divisor of 612 and o.
68
Let c(d) = 3*d - 24. Let l(g) = -g**2 - 7*g + 2. Let s be l(-6). Let u be c(s). Let t = u - -104. Calculate the highest common divisor of t and 13.
13
Let h be (-56)/5 + 3 + 2/10. Let b be (h/(-6) - 104/24) + 19. Calculate the highest common divisor of b and 16.
16
Suppose 8*p - 4*p = 16. Suppose 7*i - 31 = 6*i - 3*m, -p*m + 52 = 2*i. Let c be (42 - 2)*(-112)/(-40). Calculate the greatest common factor of i and c.
16
Suppose 0 = 3*j + 3*j - 18*j + 36. Let x be 4/6 - 20/(-6). Suppose 0 = k - x*m - 3, -4*m = 3*k + m - 60. What is the greatest common factor of k and j?
3
Let n be 276735/33 + 60/660. What is the greatest common factor of n and 14?
14
Let b be -4 + ((-611)/(-3) - (-161)/483). Calculate the highest common factor of 6050 and b.
50
Let q be 1 + 1491 - (322 - 315). Calculate the highest common divisor of q and 396.
99
Let i be -10 + 1 - (-55 - -49). Let w be (31/i)/((-34)/204). What is the highest common factor of 558 and w?
62
Let n = 2649 + -2197. What is the highest common divisor of n and 339?
113
Suppose 3*k + 234 = l + 358, -l = 2*k - 66. Let f be (-5)/(0 + 1)*-19. What is the greatest common factor of k and f?
19
Suppose -a - 4 = 0, -72*a = 5*g - 76*a - 286. Calculate the greatest common divisor of g and 2727.
27
Let o = -119 - -147. Suppose -910 = 2*f - o*f. What is the greatest common factor of f and 105?
35
Suppose 4*r - 5*y = 1275, 1216 = 4*r + y - 65. Calculate the greatest common divisor of 1120 and r.
160
Suppose 58 + 53 = 3*w. Suppose -w*n + 30*n = 84. Let r(g) = g**3 + 11*g**2 - 12*g + 1. Let h be r(n). Calculate the highest common factor of 1 and h.
1
Let y = -959 - -963. Let b = -59 + 90. Suppose -5*n + b + 29 = 0. What is the greatest common factor of n and y?
4
Let b(n) be the second derivative of -16*n + 0 + 3/2*n**2 + 3/2*n**3. Let z be b(5). What is the highest common factor of 12 and z?
12
Let y = 596 - 466. Calculate the highest common divisor of 100 and y.
10
Suppose -i = -2*i + 125. Suppose -118*n + 150 = 120*n - 232*n. What is the highest common factor of i and n?
25
Suppose 3*t + 408*x = 411*x + 600, -3*t = 3*x - 588. What is the greatest common divisor of 308 and t?
22
Suppose -8*v + 18 = -22. Let o(h) = 19*h - 5. Let d be o(v). Calculate the greatest common factor of d and 10.
10
Suppose -12*i + 10*i = -552. Calculate the greatest common divisor of 161 and i.
23
Suppose -5*f + 1917 + 18 = 0. Let o be 1*(f/15)/(1/(-5)). Let g = o - -147. What is the greatest common divisor of 126 and g?
18
Let l be -9 - -9 - (-18 - 11981). What is the greatest common factor of 71 and l?
71
Let w = -21 - -13. Let o(c) = -34*c**2 + 11 - 6 + 15*c + 45*c**2 + c**3. Let b be o(w). What is the greatest common divisor of b and 7?
7
Suppose l - 6*l = 2*r - 46, -5*r + 115 = 3*l. Suppose c + 1 = 2*v - 1, 2*c = -5*v + r. Suppose v = -5*n + 248. Calculate the greatest common divisor of 7 and n.
7
Let a be -1 + 0 - 1948/2. Let u = a + 1015. Suppose -3*l + 60 = l. Calculate the greatest common divisor of l and u.
5
Let d be (-261 + 163)/((-165)/(-57) + -3). Calculate the highest common divisor of 361 and d.
19
Let p = 95 - 89. Suppose -3*d = -2*h - 6*d + 81, h + 5*d - 58 = 0. Calculate the greatest common factor of h and p.
3
Let i = -656 + 733. Let o(d) = d**3 - 2*d**2 - 7*d + 4. Let z be o(5). Let u = z + -37. What is the greatest common divisor of u and i?
7
Let s(g) = 12*g + 135. Suppose -16*k - 84 = -2*k. Let i be s(k). Suppose -2*f = -3*f + 18. What is the highest common divisor of i and f?
9
Let w(m) = -26*m + 104. Let v(x) = -24*x - 84. Let y be v(-3). Let t be w(y). What is the greatest common factor of 26 and t?
26
Let c be ((-44)/6)/(1 - (-41)/(-39)). Let z be 79*(-2)/(-1 - -3). Let i = z + c. What is the greatest common factor of 8 and i?
8
Let b = 50 + 60. Let i = b - 20. Suppose a - 2*m = 4, 0 = -4*a - 4*m - 14 + i. What is the greatest common factor of 14 and a?
14
Let q be (51/6 - 1)*(8/(-4) + 4). What is the greatest common divisor of q and 366?
3
Suppose 2*a = 4*u - 16 - 4, 5*u = -5*a - 5. Let f(y) = -70*y - 33. Let t be f(a). What is the highest common divisor of t and 26?
13
Let g = -9 - -17. Let v be ((-35)/(-10) - 3)*2 + -13. Let j be v/(-8)*(-192)/(-9). What is the greatest common divisor of j and g?
8
Suppose -7533*k + 3770*k + 3747*k + 660288 = 0. What is the greatest common factor of k and 